e 3*i - c = 19, -5*i = -2*i + 5*c + 5. Let p = 3 + i. Suppose -2*d + 3*n + 94 = p*n, 0 = 2*d + 2*n - 100. List the prime factors of d.
2, 13
Suppose -4*n + 295 = -5*o - 322, 3*o = 2*n - 311. List the prime factors of n.
2, 37
Suppose 0 = -b + 3*r + 312, 0 = 2*b - r - 2*r - 630. List the prime factors of b.
2, 3, 53
Let n(p) = -25*p + 405. What are the prime factors of n(14)?
5, 11
Let y = 18 - -34. Let t = y + -25. What are the prime factors of t?
3
List the prime factors of -7438*(1/(-4)*2)/1.
3719
Let o(a) = 134*a - 79. List the prime factors of o(19).
2467
Let l = 2 - 2. Suppose -3*y + 5 = -2*y, -3*b + 5*y - 16 = l. Suppose -j = -0*j + 4*q - 29, -b*j = 4*q - 63. List the prime factors of j.
17
Let m(n) = -14*n**3 - 3*n**2 - n - 15. What are the prime factors of m(-4)?
3, 31
Suppose -5*n + 0*n - 22 = -4*a, -24 = 3*n + 3*a. Let b be (-2)/12 + 239/n. What are the prime factors of b*(1 - (2 + 0))?
2, 5
What are the prime factors of (2 - -10)*(297/12)/9?
3, 11
Let d = -9 + 13. Let z(p) = 12*p - 10. List the prime factors of z(d).
2, 19
Let c be (-1*1)/(((-15)/1287)/5). Let k = c - 252. List the prime factors of k.
3, 59
Let t(r) = 15*r**2 - 4*r + 2. Suppose -4*w + 3*g = -3*w, 4 = 2*w - 2*g. List the prime factors of t(w).
5
Suppose -11*l + 7*l - 3880 = 0. Let q be l/40 + (-1)/(-4). List the prime factors of -1 + 40 - q/(-8).
2, 3
Let s be ((-4)/8)/(1/(-32)). Let j = s + -23. Let m(d) = 2*d**2 + 11*d + 7. List the prime factors of m(j).
2, 7
Let j = 68 + 22. Let g = 136 + -198. Let x = g + j. What are the prime factors of x?
2, 7
Let r(p) = p**2 + 2*p + 3. Let l be r(-4). Let v = l - 11. Suppose -2*t + 5*t - 39 = v. What are the prime factors of t?
13
Let m(q) = -q**2 - 16*q - 59. List the prime factors of m(-7).
2
Suppose i - 2*i + 5 = 0. Suppose 2*y = -5*u + 6*u + 21, -i*y + 4*u = -54. What are the prime factors of y?
2, 5
Suppose -5*l + v + 14940 = 0, -l + 173*v = 172*v - 2984. List the prime factors of l.
7, 61
Suppose 0 = 5*c - 3*v - 12133, 3*v = 2*c + 634 - 5489. List the prime factors of c.
2, 1213
What are the prime factors of -8*(-2)/(-4)*(-43 + -3)?
2, 23
Suppose f + a - 9 = 0, 0 = -2*a - 2 - 4. What are the prime factors of f?
2, 3
Let z(p) = 2*p**3 + 59*p**2 - 35*p + 29. List the prime factors of z(-30).
179
Let o be 1 + (4 - (-9 + 2)). Let b = 90 + -58. Suppose -13*j = -o*j - b. What are the prime factors of j?
2
Let n = 296 + -171. Let t = n - 31. List the prime factors of t.
2, 47
Let s = -46 + 69. Suppose s*z - 15*z = 536. List the prime factors of z.
67
Let m be (4/(-3) + 1)*21/1. Let d = m - -13. What are the prime factors of d?
2, 3
Let q(s) be the third derivative of -s**5/24 - 7*s**4/12 + 5*s**3/6 - 3*s**2. Let m(u) be the first derivative of q(u). List the prime factors of m(-7).
3, 7
Let b(h) be the third derivative of 5/6*h**3 + 2*h**2 + 0*h + 0 - 1/12*h**4. List the prime factors of b(0).
5
Suppose -4*t - h = -9*t + 199, 2*t - 79 = h. Let s be 0 + (t - 12/(-4)). Suppose 2*o = s - 15. What are the prime factors of o?
2, 7
Let x(m) be the first derivative of 3*m**2/2 - m + 5. Let g be x(1). List the prime factors of ((-6)/(-24))/(g/248).
31
Suppose 1716 = 4*p - 592. What are the prime factors of p?
577
Suppose 4*c + 6*z - 6047 = 5*z, c + 5*z = 1507. What are the prime factors of c?
2, 3, 7
Let n be (-36)/30*(-10)/4. Suppose 5*m = 20, -3*d + 581 = n*m + 233. Let f = -61 + d. List the prime factors of f.
3, 17
Let a(v) = -12*v + 12. Let q be (-22)/5 - 15/25. Let l be a(q). Let p = -26 + l. List the prime factors of p.
2, 23
Let w(q) = 12*q**2 + 13*q - 380. List the prime factors of w(-20).
2, 5, 13
Let i(l) = l**3 + 18*l**2 + 10*l + 11. Let h be i(-17). Suppose -4*x + 3*f = -h, -5*x = -2*f - 7 - 152. Let p = 45 - x. List the prime factors of p.
2, 7
Suppose 6*n - 11*n + 1100 = 0. Suppose -10*o + n = -6*o. List the prime factors of o.
5, 11
Let l be (-2)/(-8) - 228/16. List the prime factors of l*(126/(-4))/7.
3, 7
Suppose 5*h - 73 = 22. Let x(l) = -l**3 + 18*l**2 + 18*l + 11. Let v be x(h). List the prime factors of 11 - -2*4/v.
2, 5
Let p(t) = -6*t**2 - 8*t + 7. Let a(v) = v**2 - v + 1. Let j(c) = 5*a(c) + p(c). Let d be ((-12)/10)/(3/30). List the prime factors of j(d).
2, 3
Let j = 6061 + -3545. What are the prime factors of j?
2, 17, 37
Let d = -67 + 606. Suppose -5*y = -256 - d. List the prime factors of y.
3, 53
Let s = 1090 + -64. What are the prime factors of s?
2, 3, 19
Suppose -3 = -c - 0. Suppose 0 = -3*b + m + 11, -2*m - c = b + m. List the prime factors of b.
3
Let b(p) = 5*p**2 - 15*p + 10. Let z be b(4). Suppose z*j - 34*j = -580. What are the prime factors of j?
5, 29
Let x(c) = -13*c**2 + 5*c. Let v(w) = -13*w**2 + 6*w. Let q(t) = 2*v(t) - 3*x(t). Let p be q(3). Suppose 2*h + h = p. What are the prime factors of h?
2, 3
Suppose -7 + 3 = 2*n. What are the prime factors of 108 + 3/n*2?
3, 5, 7
Let t(w) = w**3 - w**2 + 260. Let y be t(0). Let v = 162 - y. Let o = -49 - v. What are the prime factors of o?
7
Let w(x) = -x**3 + 16*x**2 - 12*x + 6. What are the prime factors of w(12)?
2, 3, 73
Suppose 6*f - 20 = f. Suppose 213 = f*h - d, -2*d = -6*h + h + 264. List the prime factors of h.
2, 3
Suppose -2*l + 12 = 2*l. Suppose -5*n + l*x + 25 + 1370 = 0, -3*x - 831 = -3*n. List the prime factors of n/(-9)*(-6)/4.
47
Suppose 5*c - 2*h - 739 = 0, -c + 5*h - 611 = -5*c. List the prime factors of c.
149
Let o(h) = 10*h - 171. What are the prime factors of o(32)?
149
Let i = 7328 - 2378. List the prime factors of i.
2, 3, 5, 11
Suppose 6 = -8*i + 9*i. Let s(n) = 2*n - i + 0*n - n + 2*n**2. What are the prime factors of s(-5)?
3, 13
Let v = 417 + 453. What are the prime factors of v?
2, 3, 5, 29
Let q(m) = 2*m**2 - 3*m - 3. Let c be q(3). Let p be (-12)/24*-1*c. Suppose p*g = -g + 204. List the prime factors of g.
3, 17
Let u(w) = -w**2 - 7*w - 6. Let d be u(-4). Suppose -s = -d - 18. List the prime factors of s.
2, 3
Suppose 4*n + 43 = 3*l, 4 - 29 = -5*l - 5*n. Suppose -l + 1 = -2*d. Suppose d*f - 132 = -2*i, -5*i + i - 156 = -4*f. What are the prime factors of f?
5, 7
Suppose 3*o + 0*g = 2*g + 256, 92 = o - 2*g. What are the prime factors of (6/(-3))/((-2)/o)?
2, 41
Suppose 146 = -2*h + m, 0 = -m + 4 - 0. Let i = h + 172. List the prime factors of i.
101
Let k(p) = p**3 + 1. Let x(t) = -4*t**3 + t + 7. Let a(r) = 3*k(r) + x(r). Let n = 56 - 56. What are the prime factors of a(n)?
2, 5
Let y = -73 - -169. List the prime factors of (-42)/(-4)*y/28.
2, 3
List the prime factors of (8 - 4)*(-301)/(-14).
2, 43
Suppose -4*b - 6 - 6 = 0. Let a(g) = -2*g**3 + 4*g**2 + 3. Let w be a(b). Suppose 0*u - w = -3*u. List the prime factors of u.
31
Suppose 2*j + 5*v + 37 = 4*j, 4*v + 118 = 5*j. Suppose -2*d - 96 = 4*z, -j = -2*z - 2*d - 72. List the prime factors of 1 - z - (0 - -3).
23
Let m(q) = q**3 + 2*q. Let p be 16/9 + (-8)/(-36). Let g be m(p). Suppose 3*k - 60 = -3*r, 3*r + g = -0*r. List the prime factors of k.
2, 3
Suppose 5*h = 3*d + 15958, -2*d - 7549 - 8413 = -5*h. What are the prime factors of h?
2, 1597
Suppose 0 = -2*h + 3*h - 98. Suppose 2*i + t = 3*t + 12, 0 = -i - 5*t - 18. Suppose 0 = 5*o + x - 23 - 95, i*x = -4*o + h. What are the prime factors of o?
23
Suppose 322 = -10*y + 11*y. List the prime factors of y.
2, 7, 23
List the prime factors of (16740/(-100))/(17/10 - 2).
2, 3, 31
Let l be 10 - (3 - 1 - (2 + 2)). What are the prime factors of ((-15642)/(-21))/3 - l/42?
2, 31
Suppose -14*z + 1947 = -3*z. Let v = z - 17. What are the prime factors of v?
2, 5
Suppose j + 3*j - 64 = 0. Suppose -16 = -2*a - n, -2*a + 4*n - 2*n = -j. List the prime factors of (-7 - a)/(-1*1).
3, 5
Suppose -2*d - 12 = -r, -6*r + 4*d = -3*r - 26. Let y be ((-3)/r)/((-33)/6820). Suppose -3*x + 0*b = b - 196, 5*x = -5*b + y. List the prime factors of x.
67
Let g = -62 + 72. Let c(f) = 2*f - 4 + f**2 - 8*f + 0*f**2. What are the prime factors of c(g)?
2, 3
Let v be (288/(-40))/((-4)/290). Let p be (v/(-4))/(4/16). List the prime factors of (-4)/(-22) + p/(-33).
2
Let p(b) = 95*b - 92*b - b**2 + 0*b**2 + 98. What are the prime factors of p(0)?
2, 7
Let m(b) = 27 + 30 - 43 - 11*b. What are the prime factors of m(-10)?
2, 31
Let w = 7292 + -2323. List the prime factors of w.
4969
Let n(z) = -350*z - 244. List the prime factors of n(-6).
2, 29
